st common divisor of 39 and w?
39
Let x be (-3)/(27/(-6))*51. Suppose -6*u + 3*u + 486 = 0. Suppose -3*h = u - 417. What is the greatest common factor of h and x?
17
Let k(y) = -8*y**2 + 118*y + 40. Let j be k(15). Calculate the highest common divisor of j and 162.
2
Let r = 299 + -296. Suppose -r*q = -2*m + 567, -5*m = -7*m - 5*q + 591. Calculate the highest common factor of 72 and m.
72
Suppose 7*y - 5*y - 6 = 0. Suppose 4*k = -y*k + 28. Suppose 2 = 4*p - 3*p, k*p + 76 = 3*o. What is the greatest common divisor of 28 and o?
28
Suppose 0 = -4*l - 139*c + 137*c + 316, l - 90 = 5*c. Let p = -137 - -197. What is the highest common divisor of p and l?
20
Let j(i) = -i**3 + 9*i**2 - 6*i - 10. Let a be j(8). Let u be (-203)/(-42) + 1/a. Calculate the greatest common factor of u and 295.
5
Let s be 1/(-3) + (-374)/(-6). Let r = -16989 - -17206. What is the greatest common divisor of r and s?
31
Suppose 0 = -2*r + 5 + 9. Suppose 0 = r*w + 2*w - 36. Suppose 6*j + 4*h = 2*j + 32, j + 2*h - w = 0. Calculate the highest common factor of j and 60.
12
Let j = 1821 + -1814. Suppose 461 = 3*o - 4*v - 0*v, -5*o + v = -740. What is the greatest common factor of o and j?
7
Suppose -496*d = -494*d - 648. Let v be (301/(-21) + 5)*d/(-14). Calculate the greatest common divisor of v and 72.
72
Suppose -g - 3*g - 179 = z, 194 = -4*g + 2*z. Let x = -39 - g. Let q(f) = f**2 - 6*f + 1. Let k be q(x). Calculate the highest common factor of k and 2.
2
Let s(t) = 1524*t - 758*t + 110 - 764*t. Let o be s(-16). What is the greatest common divisor of 546 and o?
78
Let j(t) = -t**2 - 10*t - 11. Let z be j(-7). Let d(p) = 10 + z + 0*p - 14 - p. Let l be d(-4). What is the highest common factor of 10 and l?
10
Let l = -9 - -17. Let s(a) = -10 - l*a + 8 + 0 - a**2. Let r be s(-7). What is the greatest common divisor of 35 and r?
5
Let k(w) be the third derivative of 2*w**3 + 0*w - 5/24*w**4 - 7*w**2 + 0 - 1/60*w**5. Let j be k(-6). Calculate the highest common factor of j and 12.
6
Let o(i) be the second derivative of -10*i**3/3 + 10*i**2 + 13*i + 2. Let w be o(-7). What is the greatest common factor of w and 20?
20
Let v = -5329 + 6374. What is the greatest common factor of 110 and v?
55
Suppose -5*b = 3*x - 59, 67 - 16 = 2*x + b. Suppose 13*i = -0*i + 884. Let j = 89 - i. What is the highest common factor of j and x?
7
Let g(k) = 628*k + 3310. Let u be g(-5). Calculate the greatest common factor of u and 4352.
34
Let u(m) = 6*m**2 - 53*m - 1743. Let w be u(-22). What is the greatest common divisor of w and 143?
13
Let g(w) = 2*w**2 + w - 19. Let h be g(-8). Suppose 91 = 4*l - h. Suppose 0 = -8*b + l - 0. Calculate the greatest common divisor of 15 and b.
3
Suppose -3*t + 7389 - 489 = 0. Calculate the highest common divisor of t and 46.
46
Suppose 24*d = 4638 - 1627 + 2941. Calculate the greatest common divisor of 1116 and d.
124
Suppose 17*d - 17*d - 110208 = -12*d. Calculate the highest common factor of d and 28.
28
Suppose 105*p - 97455 = -46781 + 93701. What is the greatest common factor of p and 440?
55
Let j(l) = -l**3 + 6*l**2 + 9*l + 7. Let z be j(7). Let w be 2 + (-93 - -99) + (225 - 2). What is the greatest common factor of w and z?
21
Let g(r) = r**2 + 5*r - 3. Let k be g(-6). Let y = 87 - 48. Let j be 13/(y/72) + 3. Calculate the highest common divisor of k and j.
3
Let f = 468 + -474. Let c be ((-39)/f + -5)*(-140)/(-15). Calculate the greatest common factor of c and 6.
2
Let r be (-4)/5 - (15163632/90)/(-66). What is the highest common divisor of r and 616?
88
Let v be (-108)/27*1100/(-16). What is the greatest common divisor of 175 and v?
25
Let q = 346 + -115. Let c = q - 183. Calculate the highest common factor of c and 60.
12
Let t = -179 - -208. Suppose 34*n - 25 = t*n. Calculate the greatest common factor of n and 45.
5
Suppose 4*r - 3052 = 4*m, -4*m - 1683 = -5*r + 2137. What is the greatest common divisor of 272 and r?
16
Let z(u) = -238*u - 1868. Let x be z(-8). Calculate the greatest common divisor of 288 and x.
36
Let w = -2596 + 2644. Calculate the highest common factor of w and 1.
1
Let s(c) = -4*c - 37. Let j be s(-10). Suppose j*k = 7*k - 312. Suppose 0 = 8*b - 7*b - 6. What is the highest common divisor of b and k?
6
Suppose 15*x - 9*x - 25797 = 5*n, -2*x + 2*n + 8598 = 0. What is the highest common divisor of x and 27?
9
Let s = -146 + 156. Let i(j) = j**2 - 8*j + 24. Let x be i(s). Let n be (22/3)/((3 - -1)/72). What is the greatest common factor of n and x?
44
Suppose -c - 80 = -5*c. Let a = 1024 + -996. What is the greatest common divisor of a and c?
4
Suppose a = 8*a - 140. Let q be ((-12)/30)/((-2)/a) - -10. What is the greatest common factor of 14 and q?
14
Suppose 0 = 2*h + n - 58 + 50, 0 = -2*h + 3*n - 8. Suppose -164 = -h*q - 4*d, -q + 62 = -3*d - 0*d. What is the highest common factor of 6 and q?
2
Let o(w) = -3*w**3 + 7*w**2 + 6*w + 10. Let s be o(-5). Suppose 2317*g = 2293*g + 134 + 346. What is the greatest common divisor of g and s?
10
Suppose 2*q - 82 = -4. Let c = 16 + -43. Let m = q + c. What is the highest common divisor of m and 132?
12
Let j(a) = a**3 - 31*a**2 - 38*a - 978. Let r be j(36). What is the highest common factor of 195 and r?
39
Let q(y) = 248*y**3 - 3*y**2 + 5*y - 10. Let s be q(2). What is the highest common factor of 952 and s?
68
Suppose 683 + 567 = 19*b - 175. What is the greatest common divisor of 78 and b?
3
Let t be (856 - 39) + (-13 - -29). What is the greatest common divisor of t and 343?
49
Let o(y) = -97*y + 1520. Let x be o(15). What is the highest common factor of x and 35?
5
Let x(i) = -49*i + 34. Let h be x(-9). Let f = -169 + h. Let u be f/27 - 4/(-6). What is the highest common factor of u and 96?
12
Let q be -3 + 11/(77/(-1428)). Let u = q - -216. Calculate the highest common divisor of u and 153.
9
Let z be 37/((5/3)/5). Let h = -66 + z. Let q = -36 + h. Calculate the greatest common divisor of 36 and q.
9
Let v(k) = 71*k - 266. Let q be v(7). Let u(y) = -y**2 - 24*y + 54. Let h be u(-23). What is the highest common divisor of q and h?
77
Suppose 3440 = 2*c - 1950. What is the greatest common factor of 70 and c?
35
Let q be 6*(-3)/(-171) - 593751/(-893). What is the greatest common divisor of 1015 and q?
35
Suppose 0 = -6*i + 2*i + 16. Let y = 2 + i. Suppose 4*a + 72 - 40 = 0, -s = -3*a - 42. Calculate the greatest common factor of y and s.
6
Let x(p) = 2*p**2 - 8*p + 5. Let c be x(5). Suppose 2*m - 7*m + c = 0. Suppose -19 - 35 = -m*f. What is the greatest common divisor of 27 and f?
9
Suppose -3*o - 3*u + 3063 = 0, -7*o + 2*u = -4*o - 3073. Calculate the greatest common factor of o and 132.
33
Suppose -s + 123 = 368. Let j = s + 147. Let p = j + 149. Calculate the highest common divisor of p and 34.
17
Let a = -902 - -1027. Let o be -70 - 1/1*1. Let v = a + o. What is the greatest common factor of 81 and v?
27
Suppose 0 = 3*x - 28*v + 23*v + 9, 0 = -5*x + 4*v - 2. Suppose -4*n - 9 = g, 0 = 2*n + 4 + x. What is the highest common factor of 5 and g?
1
Let o(w) = -w**3 - 13*w**2 - 11*w + 17. Let a be o(-12). Let r be (4/(-6))/((-8)/108). Suppose r - 45 = -18*y. Calculate the highest common divisor of y and a.
1
Suppose -9*a + 793 + 2591 = 0. What is the highest common factor of a and 16?
8
Suppose -n + 471 = 2*x + 141, x + 5*n = 138. Calculate the highest common divisor of 5628 and x.
84
Suppose -5*k + 4059 = -3*c, -39*k - 4*c = -41*k + 1632. What is the highest common factor of 78 and k?
6
Suppose -3*j + 3*a + 9 = 0, -j - 3*a + 2*a + 5 = 0. Suppose 3*n - j*s - 364 = 0, 355 = 3*n + s + 4*s. What is the highest common divisor of n and 144?
24
Let p = 204 + -203. Let q be 491/p + 18/6 + -2. Calculate the highest common factor of q and 12.
12
Suppose -3*g + 0*i + 20991 = -3*i, 34981 = 5*g - 4*i. Calculate the highest common factor of 42 and g.
21
Let r = -109 + 265. Let w(o) = 82*o - 768. Let g be w(10). Calculate the highest common factor of g and r.
52
Let p = -128 - -127. Let w be ((p - -3) + 8/(-6))*-9. Let x be (104/(-40) - w/(-15)) + 15. Calculate the greatest common divisor of 32 and x.
4
Let p(j) = 29*j**3 - 26*j**2 + 23*j - 60. Let k be p(4). What is the greatest common divisor of 64 and k?
64
Suppose 10*x + 342 = 82. Let w be 4/(-26) - 368/x. Let k(t) = t + 98. Let p be k(0). What is t